 factors of 515?
5, 103
List the prime factors of 1456.
2, 7, 13
What are the prime factors of 20116?
2, 47, 107
What are the prime factors of 3593?
3593
What are the prime factors of 43081?
67, 643
What are the prime factors of 6404?
2, 1601
List the prime factors of 441.
3, 7
List the prime factors of 677.
677
List the prime factors of 2791.
2791
What are the prime factors of 3733?
3733
List the prime factors of 44982.
2, 3, 7, 17
List the prime factors of 3832.
2, 479
List the prime factors of 6941.
11, 631
What are the prime factors of 577?
577
What are the prime factors of 314?
2, 157
List the prime factors of 47852.
2, 7, 1709
What are the prime factors of 125139?
3, 7, 59, 101
What are the prime factors of 8784?
2, 3, 61
What are the prime factors of 12956?
2, 41, 79
What are the prime factors of 88?
2, 11
What are the prime factors of 92?
2, 23
List the prime factors of 264.
2, 3, 11
What are the prime factors of 428?
2, 107
What are the prime factors of 820?
2, 5, 41
List the prime factors of 3760.
2, 5, 47
List the prime factors of 460.
2, 5, 23
List the prime factors of 6413.
11, 53
List the prime factors of 111587.
7, 19, 839
What are the prime factors of 16040?
2, 5, 401
What are the prime factors of 3172?
2, 13, 61
What are the prime factors of 100451?
13, 7727
What are the prime factors of 429?
3, 11, 13
What are the prime factors of 35229?
3, 11743
What are the prime factors of 1060?
2, 5, 53
What are the prime factors of 606?
2, 3, 101
List the prime factors of 451.
11, 41
What are the prime factors of 1869?
3, 7, 89
List the prime factors of 241.
241
What are the prime factors of 47424?
2, 3, 13, 19
List the prime factors of 6649.
61, 109
What are the prime factors of 9093?
3, 7, 433
What are the prime factors of 18840?
2, 3, 5, 157
What are the prime factors of 2380?
2, 5, 7, 17
List the prime factors of 6252.
2, 3, 521
What are the prime factors of 4089?
3, 29, 47
What are the prime factors of 1599?
3, 13, 41
What are the prime factors of 448?
2, 7
What are the prime factors of 2190?
2, 3, 5, 73
List the prime factors of 1890.
2, 3, 5, 7
What are the prime factors of 23079?
3, 7, 157
List the prime factors of 3240.
2, 3, 5
List the prime factors of 4334.
2, 11, 197
What are the prime factors of 5997?
3, 1999
What are the prime factors of 60?
2, 3, 5
List the prime factors of 5023.
5023
List the prime factors of 203.
7, 29
What are the prime factors of 20703?
3, 67, 103
List the prime factors of 1057.
7, 151
What are the prime factors of 13365?
3, 5, 11
What are the prime factors of 12622?
2, 6311
List the prime factors of 9039.
3, 23, 131
What are the prime factors of 747?
3, 83
List the prime factors of 107.
107
What are the prime factors of 15410?
2, 5, 23, 67
What are the prime factors of 123971?
151, 821
List the prime factors of 24940.
2, 5, 29, 43
List the prime factors of 812.
2, 7, 29
What are the prime factors of 359?
359
List the prime factors of 956.
2, 239
What are the prime factors of 31761?
3, 3529
What are the prime factors of 16865?
5, 3373
What are the prime factors of 101831?
79, 1289
What are the prime factors of 86833?
71, 1223
List the prime factors of 4833.
3, 179
List the prime factors of 40311.
3, 1493
List the prime factors of 6940.
2, 5, 347
What are the prime factors of 125?
5
List the prime factors of 540.
2, 3, 5
What are the prime factors of 52394?
2, 17, 23, 67
What are the prime factors of 6556?
2, 11, 149
List the prime factors of 4444.
2, 11, 101
List the prime factors of 796.
2, 199
List the prime factors of 1249.
1249
List the prime factors of 50300.
2, 5, 503
What are the prime factors of 1662?
2, 3, 277
List the prime factors of 121280.
2, 5, 379
What are the prime factors of 45677?
45677
List the prime factors of 1220.
2, 5, 61
List the prime factors of 7169.
67, 107
What are the prime factors of 464?
2, 29
List the prime factors of 975.
3, 5, 13
What are the prime factors of 92111?
92111
List the prime factors of 3848.
2, 13, 37
List the prime factors of 1161.
3, 43
What are the prime factors of 34836?
2, 3, 2903
List the prime factors of 78999.
3, 17, 1549
List the prime factors of 5439.
3, 7, 37
What are the prime factors of 787?
787
What are the prime factors of 87551?
29, 3019
What are the prime factors of 511?
7, 73
What are the prime factors of 1039?
1039
What are the prime factors of 53000?
2, 5, 53
What are the prime factors of 11998?
2, 7, 857
List the prime factors of 29814.
2, 3, 4969
List the prime factors of 53292.
2, 3, 4441
What are the prime factors of 14793?
3, 4931
List the prime factors of 2167.
11, 197
List the prime factors of 1189.
29, 41
List the prime factors of 11573.
71, 163
What are the prime factors of 2079?
3, 7, 11
List the prime factors of 177.
3, 59
List the prime factors of 3290.
2, 5, 7, 47
List the prime factors of 15433.
11, 23, 61
List the prime factors of 70030.
2, 5, 47, 149
List the prime factors of 21814.
2, 13, 839
What are the prime factors of 24838?
2, 11, 1129
List the prime factors of 55499.
19, 23, 127
List the prime factors of 76597.
76597
What are the prime factors of 17319?
3, 23, 251
List the prime factors of 902.
2, 11, 41
List the prime factors of 88154.
2, 11, 4007
What are the prime factors of 36891?
3, 4099
List the prime factors of 49189.
7, 7027
List the prime factors of 27157.
13, 2089
What are the prime factors of 12757?
12757
What are the prime factors of 5951?
11, 541
What are the prime factors of 1534?
2, 13, 59
List the prime factors of 58442.
2, 29221
List the prime factors of 3637.
3637
What are the prime factors of 8359?
13, 643
List the prime factors of 893.
19, 47
List the prime factors of 28.
2, 7
What are the prime factors of 1573?
11, 13
What are the prime factors of 18868?
2, 53, 89
List the prime factors of 1250.
2, 5
List the prime factors of 5150.
2, 5, 103
List the prime factors of 12718.
2, 6359
What are the prime factors of 74344?
2, 9293
What are the prime factors of 34759?
34759
What are the prime factors of 15434?
2, 7717
What are the prime factors of 1694?
2, 7, 11
List the prime factors of 1178.
2, 19, 31
List the prime factors of 2076.
2, 3, 173
What are the prime factors of 780?
2, 3, 5, 13
What are the prime factors of 7770?
2, 3, 5, 7, 37
What are the prime factors of 827?
827
What are the prime factors of 2244?
2, 3, 11, 17
List the prime factors of 18312.
2, 3, 7, 109
List the prime factors of 2069.
2069
What are the prime factors of 11741?
59, 199
List the prime factors of 8748.
2, 3
List the prime factors of 5243.
7, 107
What are the prime factors of 126548?
2, 17, 1861
What are the prime factors of 113877?
3, 12653
What are the prime factors of 57844?
2, 14461
What are the prime factors of 22344?
2, 3, 7, 19
What are the prime factors of 5713?
29, 197
List the prime factors of 1580.
2, 5, 79
List the prime factors of 6817.
17, 401
List the prime factors of 4594.
2, 2297
What are the prime factors of 12199?
11, 1109
What are the prime factors of 3289?
11, 13, 23
List the prime factors of 53609.
53609
What are the prime factors of 44494?
2, 22247
What are the prime factors of 543?
3, 181
What are the prime factors of 13690?
2, 5, 37
What are the prime factors of 44910?
2, 3, 5, 499
What are the prime factors of 1867?
1867
What are the prime factors of 3995?
5, 17, 47
What are the prime factors of 11061?
3, 1229
List the prime factors of 9146.
2, 17, 269
What are the prime factors of 5801?
5801
List the prime factors of 809.
809
List the prime factors of 2616.
2, 3, 109
List the prime factors of 436.
2, 109
What are the prime factors of 55438?
2, 53, 523
List the prime factors of 2862.
2, 3, 53
List the prime factors of 21241.
11, 1931
List the prime factors of 7873.
7873
List the prime factors of 72.
2, 3
List the prime factors of 1620.
2, 3, 5
What are the prime factors of 17495?
5, 3499
What are the prime factors of 11670?
2, 3, 5, 389
What are the prime factors of 3803?
3803
What are the prime factors of 43164?
2, 3, 11, 109
What are the prime factors of 2622?
2, 3, 19, 23
List the prime factors of 57516.
2, 3, 4793
List the prime factors of 1278.
2, 3, 71
What are the prime factors of 84445?
5, 16889
What are the prime factors of 2266?
2, 11, 103
What are the prime factors of 15543?
3, 